{"id":171,"date":"2014-08-10T10:06:55","date_gmt":"2014-08-10T10:06:55","guid":{"rendered":"http:\/\/uxthemes.wpengine.com\/?post_type=product&#038;p=395"},"modified":"2023-03-29T07:54:06","modified_gmt":"2023-03-29T07:54:06","slug":"osaka-entry-tee-superdry","status":"publish","type":"product","link":"http:\/\/159.223.48.4\/?product=osaka-entry-tee-superdry","title":{"rendered":"M\u00e1y b\u00e1n h\u00e0ng t\u1ef1 \u0111\u1ed9ng D720-10C"},"content":{"rendered":"<p>M\u1eabu m\u00e1y b\u00e1n h\u00e0ng t\u1ef1 \u0111\u1ed9ng; V720.10C M\u00e0n h\u00ecnh 22\u2033<br \/>\n\u2013 M\u00e1y c\u00f3 6 khay m\u1ed7i khay 10 h\u00e0ng = 60 h\u00e0ng tr\u01b0ng b\u00e0y b\u00e1n s\u1ea3n ph\u1ea9m c\u00e1c lo\u1ea1i.<br \/>\n\u2013 S\u1ee9c ch\u1ee9a: T\u1eeb 300- 380 s\u1ea3n ph\u1ea9m t\u00f9y theo c\u00e1c lo\u1ea1i.<br \/>\n\u2013 S\u1ea3n ph\u1ea9m: Lon, chai, h\u1ed9p &amp; g\u00f3i c\u00e1c lo\u1ea1i c\u00f3 m\u1eb7t tr\u00ean th\u1ecb tr\u01b0\u1eddng Vi\u1ec7t Vam<br \/>\n\u2013 Lo\u1ea1i s\u1ea3n ph\u1ea9m b\u00e1n 10ml \u0111\u1ebfn 500ml ( G\u00f3i : 30g \u0111\u1ebfn 100g )<br \/>\n\u2013 C\u00f3 ch\u1ee9c n\u0103ng th\u1ed1i ti\u1ec1n.<br \/>\n\u2013 M\u1ec7nh gi\u00e1 giao d\u1ecbch ; 5.000, 10.000, 20.000, 50.000\u0111\u1ed3ng.<br \/>\n\u2013 \u0110\u1eb7t h\u00e0ng s\u1ea3n xu\u1ea5t v\u00e0 nh\u1eadp kh\u1ea9u v\u1ec1 t\u1eeb Trung Qu\u1ed1c.<br \/>\n\u2013 Ngu\u1ed3n AC: 220V\/50-60Hz<br \/>\n\u2013 K\u00edch th\u01b0\u1edbc m\u00e1y: (ngang) 1.350 * (s\u00e2u) 750mm * (cao)1.910mm<\/p>\n","protected":false},"excerpt":{"rendered":"<p><label>M\u00e3 s\u1ea3n ph\u1ea9m:<\/label>\u00a0<span class=\"sku\">D720-10C<\/span><\/p>\n<p>Lo\u1ea1i: M\u00e1y b\u00e1n n\u01b0\u1edbc ng\u1ecdt, b\u00e1nh k\u1eb9o<\/p>\n<p><label>T\u00ecnh tr\u1ea1ng:<\/label> Li\u1ec7n h\u1ec7<\/p>\n<p>Lo\u1ea1i h\u00ecnh thanh to\u00e1n: Ti\u1ec1n m\u1eb7t, V\u00ed \u0111i\u1ec7n t\u1eed<\/p>\n","protected":false},"featured_media":745,"comment_status":"open","ping_status":"closed","template":"","meta":[],"product_cat":[75],"product_tag":[74,72,73],"_links":{"self":[{"href":"http:\/\/159.223.48.4\/index.php?rest_route=\/wp\/v2\/product\/171"}],"collection":[{"href":"http:\/\/159.223.48.4\/index.php?rest_route=\/wp\/v2\/product"}],"about":[{"href":"http:\/\/159.223.48.4\/index.php?rest_route=\/wp\/v2\/types\/product"}],"replies":[{"embeddable":true,"href":"http:\/\/159.223.48.4\/index.php?rest_route=%2Fwp%2Fv2%2Fcomments&post=171"}],"wp:featuredmedia":[{"embeddable":true,"href":"http:\/\/159.223.48.4\/index.php?rest_route=\/wp\/v2\/media\/745"}],"wp:attachment":[{"href":"http:\/\/159.223.48.4\/index.php?rest_route=%2Fwp%2Fv2%2Fmedia&parent=171"}],"wp:term":[{"taxonomy":"product_cat","embeddable":true,"href":"http:\/\/159.223.48.4\/index.php?rest_route=%2Fwp%2Fv2%2Fproduct_cat&post=171"},{"taxonomy":"product_tag","embeddable":true,"href":"http:\/\/159.223.48.4\/index.php?rest_route=%2Fwp%2Fv2%2Fproduct_tag&post=171"}],"curies":[{"name":"wp","href":"https:\/\/api.w.org\/{rel}","templated":true}]}}