{"id":531,"date":"2023-02-02T08:18:40","date_gmt":"2023-02-02T08:18:40","guid":{"rendered":"http:\/\/159.223.48.4\/?page_id=531"},"modified":"2023-03-30T08:43:20","modified_gmt":"2023-03-30T08:43:20","slug":"hop-tac","status":"publish","type":"page","link":"http:\/\/159.223.48.4\/?page_id=531","title":{"rendered":"H\u1ee2P T\u00c1C"},"content":{"rendered":"<div class=\"row row-full-width align-center\"  id=\"row-1246370416\">\n\n\t<div id=\"col-1186024165\" class=\"col small-12 large-12\"  >\n\t\t\t\t<div class=\"col-inner text-center\"  >\n\t\t\t\n\t\t\t\n\n  <div class=\"banner has-hover\" id=\"banner-323493709\">\n          <div class=\"banner-inner fill\">\n        <div class=\"banner-bg fill\" >\n            <div class=\"bg fill bg-fill \"><\/div>\n                        <div class=\"overlay\"><\/div>            \n                    <\/div>\n\t\t\n        <div class=\"banner-layers container\">\n            <div class=\"fill banner-link\"><\/div>            \n   <div id=\"text-box-1301609846\" class=\"text-box banner-layer x50 md-x50 lg-x50 y50 md-y50 lg-y50 res-text\">\n                                <div class=\"text-box-content text dark\">\n              \n              <div class=\"text-inner text-center\">\n                  \n<p class=\"h-1 wow fadeInDown lead\" data-wow-delay=\"0.0s\" data-wow-duration=\"0.8s\" data-padding=\"40px\"><strong>H\u1ee3p t\u00e1c c\u00f9ng T\u00c2N TI\u1ebeN VI\u1ec6T<\/strong><\/p>\n<div class=\"Heading-group -style-page\">\n<div class=\"wrap\">\n<p class=\"wow fadeInUp\" data-wow-delay=\"0.0s\" data-wow-duration=\"0.8s\"><strong>Ch\u00fang t\u00f4i cung c\u1ea5p gi\u1ea3i ph\u00e1p t\u1ed1t nh\u1ea5t cho c\u00e1c \u0111\u1ed1i t\u00e1c.<\/strong><\/p>\n<\/div>\n<\/div>\n              <\/div>\n           <\/div>\n                            \n<style>\n#text-box-1301609846 {\n  width: 60%;\n}\n#text-box-1301609846 .text-box-content {\n  font-size: 100%;\n}\n<\/style>\n    <\/div>\n \n        <\/div>\n      <\/div>\n\n            \n<style>\n#banner-323493709 {\n  padding-top: 500px;\n}\n#banner-323493709 .bg.bg-loaded {\n  background-image: url(http:\/\/159.223.48.4\/wp-content\/uploads\/2023\/02\/z4012944672875_9536291b9e97267ee4700812043f9f1a.png);\n}\n#banner-323493709 .overlay {\n  background-color: rgba(0, 0, 0, 0.17);\n}\n#banner-323493709 .ux-shape-divider--top svg {\n  height: 150px;\n  --divider-top-width: 100%;\n}\n#banner-323493709 .ux-shape-divider--bottom svg {\n  height: 150px;\n  --divider-width: 100%;\n}\n<\/style>\n  <\/div>\n\n\n\t\t<\/div>\n\t\t\t\t\t<\/div>\n\n\t\n<\/div>\n<div class=\"row row-full-width align-center\"  id=\"row-1688495247\">\n\n\t<div id=\"col-43909746\" class=\"col small-12 large-12\"  >\n\t\t\t\t<div class=\"col-inner text-center\"  >\n\t\t\t\n\t\t\t\n\n\t\t<div class=\"tabbed-content\">\n\t\t\t<h4 class=\"uppercase text-center\">H\u00ecnh Th\u1ee9c H\u1ee3p T\u00e1c<\/h4>\n\t\t\t<ul class=\"nav nav-line nav-uppercase nav-size-normal nav-center\"><li class=\"tab active has-icon\"><a href=\"#tab_qu\u1ea3ng-c\u00e1o\"><span>Qu\u1ea3ng C\u00e1o<\/span><\/a><\/li>\n<li class=\"tab has-icon\"><a href=\"#tab_s\u1ef1-ki\u1ec7n\"><span>S\u1ef1 Ki\u1ec7n<\/span><\/a><\/li>\n<li class=\"tab has-icon\"><a href=\"#tab_\u0110\u1eb7t-m\u00e1y\"><span>\u0110\u1eb7t M\u00e1y<\/span><\/a><\/li><\/ul><div class=\"tab-panels\"><div class=\"panel active entry-content\" id=\"tab_qu\u1ea3ng-c\u00e1o\">\n<div class=\"row row-full-width align-center\"  id=\"row-607307494\">\n\n\t<div id=\"col-1056628576\" class=\"col medium-5 small-12 large-5\"  >\n\t\t\t\t<div class=\"col-inner\"  >\n\t\t\t\n\t\t\t\n\t<div class=\"img has-hover x md-x lg-x y md-y lg-y\" id=\"image_1684653459\">\n\t\t\t\t\t\t\t\t<div class=\"img-inner dark\" >\n\t\t\t<img width=\"800\" height=\"800\" src=\"http:\/\/159.223.48.4\/wp-content\/uploads\/2023\/03\/AD-1-800x800.png\" class=\"attachment-large size-large\" alt=\"\" decoding=\"async\" loading=\"lazy\" srcset=\"http:\/\/159.223.48.4\/wp-content\/uploads\/2023\/03\/AD-1-800x800.png 800w, http:\/\/159.223.48.4\/wp-content\/uploads\/2023\/03\/AD-1-100x100.png 100w, http:\/\/159.223.48.4\/wp-content\/uploads\/2023\/03\/AD-1-510x510.png 510w, http:\/\/159.223.48.4\/wp-content\/uploads\/2023\/03\/AD-1-400x400.png 400w, http:\/\/159.223.48.4\/wp-content\/uploads\/2023\/03\/AD-1-280x280.png 280w, http:\/\/159.223.48.4\/wp-content\/uploads\/2023\/03\/AD-1-768x768.png 768w, http:\/\/159.223.48.4\/wp-content\/uploads\/2023\/03\/AD-1.png 1201w\" sizes=\"(max-width: 800px) 100vw, 800px\" \/>\t\t\t\t\t\t\n\t\t\t\t\t<\/div>\n\t\t\t\t\t\t\t\t\n<style>\n#image_1684653459 {\n  width: 76%;\n}\n<\/style>\n\t<\/div>\n\t\n\t\t<\/div>\n\t\t\t\t\t<\/div>\n\n\t\n\n\t<div id=\"col-1159442855\" class=\"col medium-5 small-12 large-5\"  >\n\t\t\t\t<div class=\"col-inner\"  >\n\t\t\t\n\t\t\t\n<p class=\"lead\" style=\"text-align: left;\"><strong>Qu\u1ea3ng c\u00e1o m\u00e0n h\u00ecnh LCD tr\u00ean m\u00e1y b\u00e1n h\u00e0ng t\u1ef1 \u0111\u1ed9ng\u00a0<\/strong><\/p>\n<p style=\"text-align: left;\">Qu\u1ea3ng c\u00e1o m\u00e0n h\u00ecnh lcd m\u00e1y b\u00e1n h\u00e0ng T\u00c2N TI\u1ebeN VI\u1ec6T \u0111\u00e3 v\u00e0 \u0111ang tr\u1edf th\u00e0nh xu h\u01b0\u1edbng qu\u1ea3ng c\u00e1o hi\u1ec7u qu\u1ea3 c\u1ee7a nhi\u1ec1u doanh nghi\u1ec7p hi\u1ec7n nay. V\u1edbi m\u00e0n h\u00ecnh LCD 32 inch \u0111\u1ed9 ph\u00e2n gi\u1ea3i cao, n\u1ed9i dung qu\u1ea3ng c\u00e1o c\u1ee7a b\u1ea1n tr\u1ef1c quan v\u00e0 sinh \u0111\u1ed9ng h\u01a1n.<\/p>\n<p style=\"text-align: left;\">M\u00e0n h\u00ecnh qu\u1ea3ng c\u00e1o lcd 32 inch c\u1ee7a T\u00c2N TI\u1ebeN VI\u1ec6T hi\u1ec3n th\u1ecb c\u00e1c \u0111\u1ecbnh d\u1ea1ng video ho\u1eb7c h\u00ecnh \u1ea3nh ch\u1ea5t l\u01b0\u1ee3ng cao. M\u00e1y b\u00e1n h\u00e0ng t\u1ef1 \u0111\u1ed9ng s\u1ebd hi\u1ec3n th\u1ecb n\u1ed9i dung c\u1ee7a b\u1ea1n +500 l\u1ea7n m\u1ed9t ng\u00e0y, t\u1eeb 15 gi\u00e2y \u0111\u1ebfn 30 gi\u00e2y m\u1ed7i v\u00f2ng. H\u1ee3p t\u00e1c v\u1edbi T\u00c2N TI\u1ebeN VI\u1ec6T v\u00e0 chi\u1ebfn d\u1ecbch c\u1ee7a b\u1ea1n ch\u1eafc ch\u1eafn s\u1ebd th\u00e0nh c\u00f4ng!<\/p>\n<p class=\"lead\" style=\"text-align: left;\"><strong>Qu\u1ea3ng c\u00e1o decal tr\u00ean m\u00e1y b\u00e1n h\u00e0ng t\u1ef1 \u0111\u1ed9ng\u00a0<\/strong><\/p>\n<p style=\"text-align: left;\">C\u00f9ng v\u1edbi m\u1ea1ng l\u01b0\u1edbi g\u1ea7n 400 m\u00e1y b\u00e1n h\u00e0ng t\u1ef1 \u0111\u1ed9ng tr\u00ean to\u00e0n qu\u1ed1c, ch\u00fang t\u00f4i s\u1ebd mang \u0111\u1ebfn cho b\u1ea1n c\u01a1 h\u1ed9i tuy\u1ec7t v\u1eddi \u0111\u1ec3 x\u00e2y d\u1ef1ng th\u01b0\u01a1ng hi\u1ec7u, n\u00e2ng cao nh\u1eadn th\u1ee9c v\u00e0 gi\u1edbi thi\u1ec7u h\u00ecnh \u1ea3nh s\u1ea3n ph\u1ea9m c\u1ee7a b\u1ea1n.<\/p>\n<p class=\"lead\" style=\"text-align: left;\"><strong>C\u00e1c l\u1ee3i \u00edch khi qu\u1ea3ng c\u00e1o s\u1ea3n ph\u1ea9m v\u1edbi T\u00c2N TI\u1ebeN VI\u1ec6T<\/strong><\/p>\n<ul style=\"text-align: left;\">\n<li><strong>D\u1ec5 d\u00e0ng ti\u1ebfp c\u1eadn<\/strong>: Ph\u01b0\u01a1ng th\u1ee9c ti\u1ebfp c\u1eadn kh\u00e1ch h\u00e0ng tr\u1ef1c ti\u1ebfp &amp; truy\u1ec1n t\u1ea3i th\u00f4ng \u0111i\u1ec7p truy\u1ec1n th\u00f4ng t\u1edbi kh\u00e1ch h\u00e0ng ti\u1ec1m n\u0103ng.<\/li>\n<li><strong>Qu\u1ea3ng c\u00e1o ti\u1ebft ki\u1ec7m<\/strong>: Chi ph\u00ed qu\u1ea3ng c\u00e1o tr\u00ean m\u00e0n h\u00ecnh m\u00e1y b\u00e1n h\u00e0ng t\u1ef1 \u0111\u1ed9ng th\u1ea5p h\u01a1n TV, B\u00e1o ch\u00ed,&#8230;<\/li>\n<li><strong>H\u1ed7 tr\u1ee3 setup theo y\u00eau c\u1ea7u<\/strong>: T\u00c2N TI\u1ebeN VI\u1ec6T ch\u1ee7 \u0111\u1ed9ng ho\u00e0n to\u00e0n v\u1ec1 m\u1eb7t c\u00f4ng ngh\u1ec7 v\u00e0 layout m\u00e1y. C\u00f3 th\u1ec3 setup theo c\u00e1c y\u00eau c\u1ea7u kh\u00e1ch h\u00e0ng. \u0110\u1ed9i ng\u0169 IT chuy\u00ean nghi\u1ec7p v\u1edbi n\u1ec1n t\u1ea3ng ki\u1ebfn th\u1ee9c chuy\u00ean m\u00f4n v\u1eefng ch\u1eafc.<\/li>\n<li><strong>Ti\u1ebfp c\u1eadn l\u01b0\u1ee3ng kh\u00e1ch h\u00e0ng l\u1edbn<\/strong>: V\u1edbi h\u1ec7 th\u1ed1ng m\u00e1y l\u1edbn nh\u1ea5t Vi\u1ec7t Nam. H\u00e0ng ng\u00e0n m\u00e1y t\u1ea1i c\u00e1c t\u00f2a nh\u00e0 l\u1edbn, b\u1ec7nh vi\u1ec7n, tr\u01b0\u1eddng h\u1ecdc, chung c\u01b0 v\u00e0 c\u00e1c \u0111\u1ecba \u0111i\u1ec3m c\u00f4ng c\u1ed9ng. Ch\u1eafc ch\u1eafn s\u1ebd ti\u1ebfp c\u1eadn \u0111\u01b0\u1ee3c l\u01b0\u1ee3ng l\u1edbn kh\u00e1ch h\u00e0ng.<\/li>\n<li><strong>Ch\u1ee7 \u0111\u1ed9ng c\u00f4ng ngh\u1ec7, h\u1ed7 tr\u1ee3 k\u1ef9 thu\u1eadt chuy\u00ean nghi\u1ec7p<\/strong>: \u0110\u1ed9i ng\u0169 nh\u00e2n vi\u00ean chuy\u00ean nghi\u1ec7p,\u00a0 T\u00c2N TI\u1ebeN VI\u1ec6T ho\u00e0n to\u00e0n ch\u1ee7 \u0111\u1ed9ng v\u1ec1 m\u1eb7t c\u00f4ng ngh\u1ec7 v\u00e0 layout m\u00e1y cho ph\u00f9 h\u1ee3p v\u1edbi y\u00eau c\u1ea7u c\u1ee7a kh\u00e1ch h\u00e0ng.<\/li>\n<li><strong>T\u0103ng nh\u1eadn di\u1ec7n th\u01b0\u01a1ng hi\u1ec7u<\/strong>: T\u0103ng \u0111\u1ed9 ph\u1ee7 \u0111\u1ed9 nh\u1eadn di\u1ec7n th\u01b0\u01a1ng hi\u1ec7u v\u00e0 t\u1ea7n su\u1ea5t xem khi xu\u1ea5t hi\u1ec7n \u1edf kh\u1eafp n\u01a1i c\u00f3 m\u00e1y c\u1ee7a T\u00c2N TI\u1ebeN VI\u1ec6T.<\/li>\n<\/ul>\n<div style=\"text-align: left;\"><em>H\u00e3y ch\u1ecdn qu\u1ea3ng c\u00e1o tr\u1ef1c tuy\u1ebfn c\u00f9ng T\u00c2N TI\u1ebeN VI\u1ec6T \u0111\u1ec3 s\u1ea3n ph\u1ea9m c\u1ee7a b\u1ea1n ti\u1ebfp c\u1eadn \u0111\u01b0\u1ee3c l\u01b0\u1ee3ng l\u1edbn ng\u01b0\u1eddi xem!<\/em><\/div>\n\t\t<\/div>\n\t\t\t\t\t<\/div>\n\n\t\n<\/div>\n<\/div>\n<div class=\"panel entry-content\" id=\"tab_s\u1ef1-ki\u1ec7n\">\n<div class=\"row row-full-width align-center\"  id=\"row-2076651469\">\n\n\t<div id=\"col-498563181\" class=\"col medium-5 small-12 large-5\"  >\n\t\t\t\t<div class=\"col-inner\"  >\n\t\t\t\n\t\t\t\n\t<div class=\"img has-hover x md-x lg-x y md-y lg-y\" id=\"image_91914987\">\n\t\t\t\t\t\t\t\t<div class=\"img-inner dark\" >\n\t\t\t<img width=\"800\" height=\"800\" src=\"http:\/\/159.223.48.4\/wp-content\/uploads\/2023\/03\/sukien-800x800.png\" class=\"attachment-large size-large\" alt=\"\" decoding=\"async\" loading=\"lazy\" srcset=\"http:\/\/159.223.48.4\/wp-content\/uploads\/2023\/03\/sukien-800x800.png 800w, http:\/\/159.223.48.4\/wp-content\/uploads\/2023\/03\/sukien-100x100.png 100w, http:\/\/159.223.48.4\/wp-content\/uploads\/2023\/03\/sukien-510x510.png 510w, http:\/\/159.223.48.4\/wp-content\/uploads\/2023\/03\/sukien-400x400.png 400w, http:\/\/159.223.48.4\/wp-content\/uploads\/2023\/03\/sukien-280x280.png 280w, http:\/\/159.223.48.4\/wp-content\/uploads\/2023\/03\/sukien-768x768.png 768w, http:\/\/159.223.48.4\/wp-content\/uploads\/2023\/03\/sukien.png 1080w\" sizes=\"(max-width: 800px) 100vw, 800px\" \/>\t\t\t\t\t\t\n\t\t\t\t\t<\/div>\n\t\t\t\t\t\t\t\t\n<style>\n#image_91914987 {\n  width: 76%;\n}\n<\/style>\n\t<\/div>\n\t\n\t\t<\/div>\n\t\t\t\t\t<\/div>\n\n\t\n\n\t<div id=\"col-152554079\" class=\"col medium-5 small-12 large-5\"  >\n\t\t\t\t<div class=\"col-inner\"  >\n\t\t\t\n\t\t\t\n<p class=\"lead\" style=\"text-align: left;\"><strong>V\u00ec sao n\u00ean gi\u1edbi thi\u1ec7u s\u1ea3n ph\u1ea9m b\u1eb1ng m\u00e1y t\u1ef1 \u0111\u1ed9ng T\u00c2N TI\u1ebeN VI\u1ec6T?<\/strong><\/p>\n<p class=\"lead\" style=\"text-align: left;\"><strong>D\u1ec5 d\u00e0ng thu h\u00fat kh\u00e1ch h\u00e0ng<\/strong><\/p>\n<p style=\"text-align: left;\">Gi\u1edbi thi\u1ec7u s\u1ea3n ph\u1ea9m b\u1eb1ng m\u00e1y b\u00e1n h\u00e0ng t\u1ef1 \u0111\u1ed9ng v\u1edbi c\u00e1ch ti\u1ebfp c\u1eadn m\u1edbi d\u1ec5 d\u00e0ng thu h\u00fat kh\u00e1ch h\u00e0ng. \u0110\u1eb7c bi\u1ec7t trong c\u00e1c chi\u1ebfn d\u1ecbch qu\u1ea3ng c\u00e1o, ch\u01b0\u01a1ng tr\u00ecnh gi\u1edbi thi\u1ec7u s\u1ea3n ph\u1ea9m m\u1edbi, activation, branding, tr\u00f2 ch\u01a1i t\u01b0\u01a1ng t\u00e1c nh\u1eadn qu\u00e0, ph\u00e1t sampling,&#8230;<\/p>\n<p class=\"lead\" style=\"text-align: left;\"><strong>T\u00edch h\u1ee3p c\u00e1c ch\u01b0\u01a1ng tr\u00ecnh khuy\u1ebfn m\u00e3i b\u00e1n h\u00e0ng<\/strong><\/p>\n<p style=\"text-align: left;\">M\u00e1y b\u00e1n h\u00e0ng T\u00c2N TI\u1ebeN VI\u1ec6T c\u00f3 t\u00edch h\u1ee3p c\u00e1c ch\u01b0\u01a1ng tr\u00ecnh khuy\u1ebfn m\u00e3i b\u00e1n h\u00e0ng nh\u01b0: gi\u1ea3m gi\u00e1, mua x t\u1eb7ng y, t\u1eb7ng qu\u00e0 k\u00e8m theo \u0111\u01a1n h\u00e0ng ngay tr\u00ean m\u00e1y. \u0110\u1ea3m b\u1ea3o t\u00ednh ch\u00ednh x\u00e1c v\u00e0 th\u1ed1ng nh\u1ea5t. C\u00e1c s\u1ed1 li\u1ec7u b\u00e1o c\u00e1o chi ti\u1ebft v\u00e0 c\u1ee5 th\u1ec3 gi\u00fap \u0111\u00e1nh gi\u00e1 hi\u1ec7u qu\u1ea3 ch\u01b0\u01a1ng tr\u00ecnh r\u00f5 r\u00e0ng v\u00e0 nhanh ch\u00f3ng.<\/p>\n<p class=\"lead\" style=\"text-align: left;\"><strong>T\u00edch h\u1ee3p h\u1ec7 th\u1ed1ng qu\u1ea3n l\u00fd b\u00e1n h\u00e0ng th\u00f4ng minh<\/strong><\/p>\n<p style=\"text-align: left;\">B\u00e1o c\u00e1o giao d\u1ecbch v\u00e0 doanh thu th\u1eddi gian th\u1ef1c, qu\u1ea3n l\u00fd t\u1ed3n kho, nh\u1eadp kho, layout tr\u01b0ng b\u00e0y, qu\u1ea3n l\u00fd m\u00e1y m\u00f3c v\u00e0 \u0111\u1ecba \u0111i\u1ec3m.<\/p>\n<p class=\"lead\" style=\"text-align: left;\"><strong>Ho\u00e0n to\u00e0n ch\u1ee7 \u0111\u1ed9ng trong vi\u1ec7c set up ch\u01b0\u01a1ng tr\u00ecnh<\/strong><\/p>\n<p style=\"text-align: left;\">M\u1ecdi thay \u0111\u1ed5i v\u1ec1 gi\u00e1 b\u00e1n ho\u1eb7c c\u00e1c ch\u01b0\u01a1ng tr\u00ecnh khuy\u1ebfn m\u00e3i \u0111\u1ec1u c\u00f3 th\u1ec3 set up online tr\u00ean h\u1ec7 th\u1ed1ng theo y\u00eau c\u1ea7u c\u1ee7a kh\u00e1ch h\u00e0ng. Ch\u1ec9 trong 30s, b\u1ea1n ho\u00e0n to\u00e0n c\u00f3 th\u1ec3 thay \u0111\u1ed5i gi\u00e1 b\u00e1n s\u1ea3n ph\u1ea9m m\u1ed9t c\u00e1ch \u0111\u1ed3ng b\u1ed9. Gi\u00fap gi\u1ea3m thi\u1ec3u t\u1ed1i \u0111a chi ph\u00ed in \u1ea5n v\u00e0 nh\u00e2n s\u1ef1.<\/p>\n<div style=\"text-align: left;\"><em>H\u00e3y thu\u00ea m\u00e1y b\u00e1n h\u00e0ng t\u1ef1 \u0111\u1ed9ng T\u00c2N TI\u1ebeN VI\u1ec6T \u0111\u1ec3 qu\u1ea3ng b\u00e1 s\u1ea3n ph\u1ea9m c\u1ee7a b\u1ea1n m\u1ed9t c\u00e1ch \u0111\u1ed9c \u0111\u00e1o h\u01a1n!<\/em><\/div>\n\t\t<\/div>\n\t\t\t\t\t<\/div>\n\n\t\n<\/div>\n<\/div>\n<div class=\"panel entry-content\" id=\"tab_\u0110\u1eb7t-m\u00e1y\">\n<div class=\"row row-full-width align-center\"  id=\"row-1909556195\">\n\n\t<div id=\"col-1883898247\" class=\"col medium-5 small-12 large-5\"  >\n\t\t\t\t<div class=\"col-inner\"  >\n\t\t\t\n\t\t\t\n\t<div class=\"img has-hover x md-x lg-x y md-y lg-y\" id=\"image_1534404265\">\n\t\t\t\t\t\t\t\t<div class=\"img-inner dark\" >\n\t\t\t<img width=\"400\" height=\"400\" src=\"http:\/\/159.223.48.4\/wp-content\/uploads\/2023\/03\/place-1.png\" class=\"attachment-large size-large\" alt=\"\" decoding=\"async\" loading=\"lazy\" srcset=\"http:\/\/159.223.48.4\/wp-content\/uploads\/2023\/03\/place-1.png 400w, http:\/\/159.223.48.4\/wp-content\/uploads\/2023\/03\/place-1-100x100.png 100w, http:\/\/159.223.48.4\/wp-content\/uploads\/2023\/03\/place-1-280x280.png 280w\" sizes=\"(max-width: 400px) 100vw, 400px\" \/>\t\t\t\t\t\t\n\t\t\t\t\t<\/div>\n\t\t\t\t\t\t\t\t\n<style>\n#image_1534404265 {\n  width: 76%;\n}\n<\/style>\n\t<\/div>\n\t\n\t\t<\/div>\n\t\t\t\t\t<\/div>\n\n\t\n\n\t<div id=\"col-1449476675\" class=\"col medium-5 small-12 large-5\"  >\n\t\t\t\t<div class=\"col-inner\"  >\n\t\t\t\n\t\t\t\n<p style=\"text-align: left;\">\u0110\u1eb7t m\u1ed9t m\u00e1y b\u00e1n h\u00e0ng t\u1ef1 \u0111\u1ed9ng t\u1ea1i c\u01a1 s\u1edf c\u1ee7a b\u1ea1n l\u00e0m cho kh\u00e1ch h\u00e0ng, \u0111\u1ed1i t\u00e1c ho\u1eb7c nh\u00e2n vi\u00ean c\u1ee7a b\u1ea1n h\u00e0o h\u1ee9ng h\u01a1n? M\u00e1y b\u00e1n h\u00e0ng t\u1ef1 \u0111\u1ed9ng th\u00f4ng minh T\u00c2N TI\u1ebeN VI\u1ec6T ch\u1eafc ch\u1eafn l\u00e0 s\u1ef1 l\u1ef1a ch\u1ecdn t\u1ed1t nh\u1ea5t. T\u00c2N TI\u1ebeN VI\u1ec6T \u0111\u1ea3m nh\u1eadn vi\u1ec7c v\u1eadn h\u00e0nh v\u00e0 b\u1ea3o tr\u00ec thi\u1ebft b\u1ecb, h\u1ed7 tr\u1ee3 b\u1ea1n t\u1ed1i \u0111a trong ho\u1ea1t \u0111\u1ed9ng kinh doanh \u0111\u1ed3ng th\u1eddi gia t\u0103ng gi\u00e1 tr\u1ecb d\u1ecbch v\u1ee5 c\u1ee7a b\u1ea1n.<\/p>\n<p class=\"lead\" style=\"text-align: left;\"><strong>V\u00ec sao b\u1ea1n n\u00ean \u0111\u1eb7t m\u00e1y b\u00e1n h\u00e0ng t\u1ef1 \u0111\u1ed9ng t\u1ea1i \u0111\u1ecba \u0111i\u1ec3m c\u1ee7a m\u00ecnh?<\/strong><\/p>\n<p style=\"text-align: left;\">Gia t\u0103ng ti\u1ec7n \u00edch cho nh\u00e2n vi\u00ean &amp; kh\u00e1ch h\u00e0ng c\u1ee7a b\u1ea1n Thi\u1ebft k\u1ebf sang tr\u1ecdng &amp; b\u1eaft m\u1eaft. Layout v\u00e0 b\u1ec1 ngo\u00e0i m\u00e1y c\u00f3 th\u1ec3 thay \u0111\u1ed5i theo y\u00eau c\u1ea7u.<\/p>\n<p style=\"text-align: left;\">V\u1eadn h\u00e0nh \u00eam \u00e1i, kh\u00f4ng g\u00e2y \u1ea3nh h\u01b0\u1edfng \u0111\u1ebfn kh\u00f4ng gian xung quanh<\/p>\n<p class=\"lead\" style=\"text-align: left;\"><strong>G\u1ee3i \u00fd m\u1ed9t s\u1ed1 \u0111\u1ecba \u0111i\u1ec3m th\u00edch h\u1ee3p \u0111\u1eb7t m\u00e1y b\u00e1n h\u00e0ng t\u1ef1 \u0111\u1ed9ng:<\/strong><\/p>\n<ul style=\"text-align: left;\">\n<li>Tr\u01b0\u1eddng h\u1ecdc: V\u1edbi h\u01a1n h\u00e0ng tri\u1ec7u h\u1ecdc sinh \u0111ang theo h\u1ecdc t\u1ea1i c\u00e1c tr\u01b0\u1eddng h\u1ecdc tr\u00ean c\u1ea3 n\u01b0\u1edbc m\u1ed7i ng\u00e0y, \u0111\u00e2y l\u00e0 n\u01a1i r\u1ea5t thu\u1eadn ti\u1ec7n \u0111\u1ec3 \u0111\u1eb7t c\u00e1c thi\u1ebft b\u1ecb, g\u00f3p ph\u1ea7n \u0111\u1ea3m b\u1ea3o an to\u00e0n, v\u1ec7 sinh.<\/li>\n<li>B\u1ec7nh vi\u1ec7n hay ph\u00f2ng kh\u00e1m: L\u01b0\u1ee3ng b\u1ec7nh nh\u00e2n v\u00e0 ng\u01b0\u1eddi nh\u00e0 \u0111\u1ebfn kh\u00e1m m\u1ed7i ng\u00e0y r\u1ea5t \u0111\u00f4ng s\u1ebd l\u00e0 ngu\u1ed3n kh\u00e1ch h\u00e0ng d\u1ed3i d\u00e0o khi b\u1ea1n ch\u1ecdn \u0111\u1eb7t m\u00e1y b\u00e1n h\u00e0ng t\u1ef1 \u0111\u1ed9ng.<\/li>\n<li>Trung t\u00e2m th\u1ec3 d\u1ee5c ho\u1eb7c ph\u00f2ng t\u1eadp th\u1ec3 d\u1ee5c: Vi\u1ec7c \u0111\u1eb7t m\u00e1y \u1edf nh\u1eefng v\u1ecb tr\u00ed n\u00e0y gi\u00fap nh\u00e0 \u0111\u1ea7u t\u01b0 c\u1ea3i thi\u1ec7n h\u00ecnh \u1ea3nh doanh nghi\u1ec7p v\u00e0 t\u1ea1o ra nhi\u1ec1u l\u1ee3i nhu\u1eadn h\u01a1n.<\/li>\n<li>T\u00f2a nh\u00e0 v\u0103n ph\u00f2ng ho\u1eb7c chung c\u01b0: \u0110\u1eb7t mua m\u00e1y t\u1ea1i \u0111\u00e2y s\u1ebd gi\u00fap mang l\u1ea1i tr\u1ea3i nghi\u1ec7m m\u1edbi ti\u1ec7n l\u1ee3i v\u00e0 hi\u1ec7n \u0111\u1ea1i h\u01a1n.<\/li>\n<li>Trung t\u00e2m mua s\u1eafm: V\u1ecb tr\u00ed \u0111\u1eafc \u0111\u1ecba n\u00e0y lu\u00f4n c\u00f3 r\u1ea5t nhi\u1ec1u ng\u01b0\u1eddi qua l\u1ea1i, th\u01b0\u1eddng kh\u00f4ng th\u1ec3 thi\u1ebfu m\u00e1y b\u00e1n h\u00e0ng t\u1ef1 \u0111\u1ed9ng.<\/li>\n<li>Nh\u00e0 m\u00e1y \/ Khu c\u00f4ng nghi\u1ec7p: T\u1eadp trung \u0111\u00f4ng c\u00f4ng nh\u00e2n vi\u00ean, c\u00e1ch xa c\u00e1c khu th\u01b0\u01a1ng m\u1ea1i quan tr\u1ecdng<\/li>\n<\/ul>\n<div style=\"text-align: left;\"><em>H\u00e3y \u0111\u1eb7t m\u00e1y b\u00e1n h\u00e0ng t\u1ef1 \u0111\u1ed9ng T\u00c2N TI\u1ebeN VI\u1ec6T \u0111\u1ec3 t\u0103ng ti\u1ec7n \u00edch cho doanh nghi\u1ec7p v\u00e0 kh\u00e1ch h\u00e0ng c\u1ee7a b\u1ea1n!<\/em><\/div>\n\t\t<\/div>\n\t\t\t\t\t<\/div>\n\n\t\n<\/div>\n<\/div><\/div><\/div>\n\t\t<\/div>\n\t\t\t\t\t<\/div>\n\n\t\n\n\t<div id=\"col-930221168\" class=\"col medium-4 small-12 large-4\"  >\n\t\t\t\t<div class=\"col-inner\"  >\n\t\t\t\n\t\t\t\n\t\t<\/div>\n\t\t\t\t\t<\/div>\n\n\t\n<\/div>\n","protected":false},"excerpt":{"rendered":"","protected":false},"author":1,"featured_media":0,"parent":0,"menu_order":0,"comment_status":"closed","ping_status":"closed","template":"page-blank.php","meta":[],"_links":{"self":[{"href":"http:\/\/159.223.48.4\/index.php?rest_route=\/wp\/v2\/pages\/531"}],"collection":[{"href":"http:\/\/159.223.48.4\/index.php?rest_route=\/wp\/v2\/pages"}],"about":[{"href":"http:\/\/159.223.48.4\/index.php?rest_route=\/wp\/v2\/types\/page"}],"author":[{"embeddable":true,"href":"http:\/\/159.223.48.4\/index.php?rest_route=\/wp\/v2\/users\/1"}],"replies":[{"embeddable":true,"href":"http:\/\/159.223.48.4\/index.php?rest_route=%2Fwp%2Fv2%2Fcomments&post=531"}],"version-history":[{"count":26,"href":"http:\/\/159.223.48.4\/index.php?rest_route=\/wp\/v2\/pages\/531\/revisions"}],"predecessor-version":[{"id":770,"href":"http:\/\/159.223.48.4\/index.php?rest_route=\/wp\/v2\/pages\/531\/revisions\/770"}],"wp:attachment":[{"href":"http:\/\/159.223.48.4\/index.php?rest_route=%2Fwp%2Fv2%2Fmedia&parent=531"}],"curies":[{"name":"wp","href":"https:\/\/api.w.org\/{rel}","templated":true}]}}